) - 3*h(c). Suppose 21 = 11*w - 2*a - 0*a, w = 4*a + 63. Calculate g(w).
2
Let j(d) = 73*d**2 + d**3 - 75 - 248*d + 78*d + 135 - 3*d**3 - 68. Calculate j(34).
-8
Let o(h) = 41*h**2 + 77*h + 166. Let y(x) = 11*x**2 + 19*x + 42. Let v(r) = -4*o(r) + 15*y(r). Calculate v(24).
-10
Let k = -467 + 469. Let d be k/(12/9)*(-36)/(-18). Let t(o) = 3*o**2 - 4*o + 5*o - 4 + 2*o - o**3. Determine t(d).
5
Let f(o) = o**2 + 2*o - 1. Let z(x) = -2*x**2 - 8*x + 10. Suppose -5*r - 2 = -3*m - 1, 5*r = 5*m - 5. Let l(t) = r*z(t) + 3*f(t). Determine l(3).
10
Suppose 0*q + 5*y + 5 = 3*q, 4*q = -3*y + 55. Suppose 0*z = -5*z + q, 226 = 4*o + z. Let x be ((-6)/(-4))/(-1)*o/(-42). Let f(l) = 3*l**2 + 2*l - 2. Give f(x).
14
Let x(o) = 8*o - 45. Suppose 107*r = 102*r + 25. Calculate x(r).
-5
Let m(u) be the second derivative of u**5/20 + u**4/6 - u**3 - 5*u**2/2 + 67*u - 5. Give m(-4).
-13
Let n(i) = -i**3 - 6*i**2 + 4*i + 8. Let a = -3816 - -3810. Calculate n(a).
-16
Let g(m) = -13*m - 14. Let u be -13 - (-9 + (-6 - 2)). Give g(u).
-66
Let q be (-256)/(-16) + -4 + -5 - 5. Let t(s) be the first derivative of -12 + 1/2*s**q - s. Determine t(-4).
-5
Let i(w) = w**3 + 5*w**2 + 4*w. Let u(k) = -10*k**2 - 12*k + 13*k - 10*k - 3*k**3. Let t(c) = 5*i(c) + 2*u(c). What is t(6)?
-24
Let k(x) = 42*x + 35. Let l(o) = 59*o + 52. Let t(j) = 7*k(j) - 5*l(j). Calculate t(-14).
-1
Let s = 2 + 6. Let l(t) = -7*t**2 + 20*t + 2 + 499*t**3 - 23*t - 498*t**3 + 7. Calculate l(s).
49
Let b(t) = 18*t**3 + 3*t + 4. Suppose 99 = 76*y + 175. Calculate b(y).
-17
Let y(u) = -4*u**2 - 75 - 60*u + 80 + 68*u. Determine y(6).
-91
Let g(r) = -168*r - 4*r**2 + 82*r + 94*r + 10 - r**3 + 0*r**3. What is g(-5)?
-5
Suppose 0 = c - 5*p - 47, 0 = -c + 4*c - 5*p - 111. Suppose -2*x = i + 16, -5*x + 4*i - c - 21 = 0. Let b(j) = -j - 10. Calculate b(x).
-1
Let k(i) = i**3 - 7*i**2 - i + 1. Let a be k(7). Let v(m) = -6 + 50*m + 35*m - 86*m. Calculate v(a).
0
Let r(a) = 3. Let c(n) = -7*n + 14. Let x(h) = c(h) - 6*r(h). Let q = -2 - 1. What is x(q)?
17
Let t(g) = 23*g - 2450. Let o be t(106). Let d(f) = 17*f + 200. What is d(o)?
-4
Let o(g) = -8*g - 227. Let c(y) = -3*y**2 + 45*y - 197. Let u be c(7). What is o(u)?
5
Let w(u) = -4*u + 28. Let q(y) = y**2 + 77*y + 76. Let n be q(-76). Determine w(n).
28
Let g(d) = d**3 + 7*d**2 - 12*d - 34. Let m(l) = l**3 + 6*l**2 - 11*l - 32. Let z(f) = 2*g(f) - 3*m(f). Give z(-5).
8
Let w(x) be the first derivative of -7/3*x**3 - 6*x**2 + 23 + 10*x + 1/4*x**4. Determine w(8).
-22
Suppose 18*j = -5*m + 19*j + 60, -5*m = 5*j - 60. Let l(z) = z**3 - 14*z**2 + 23*z + 19. What is l(m)?
7
Let t(y) = y + 17. Let m be t(-9). Let k(w) be the first derivative of -w**3/3 + 9*w**2/2 - 12*w + 2463. Determine k(m).
-4
Let g(t) = -t - 2*t**2 - 41*t - 1 + 19*t + 19*t. Calculate g(0).
-1
Let h(f) = 15*f + 6. Let p(t) = -14*t - 5. Let y(g) = -4*h(g) - 5*p(g). Suppose 35*o - 7122 = -7192. What is y(o)?
-19
Let t(k) = -5*k**2 - 1. Suppose 19 = -2*l + v + 211, 4*l = -3*v + 374. Let z = l + -94. What is t(z)?
-6
Let r(g) = g**3 - 13*g**2 + 2*g - 31. Let l(m) = -18*m**2 + 94*m - 7. Let q be l(5). Determine r(q).
-5
Suppose -2*n + 75 = 67. Suppose -2 - 1 = 3*g, 4*m + 12 = n*g. Let j(p) = -2*p**2 - 7*p - 4. Determine j(m).
-8
Let k = -1070 - -1050. Let z(x) = x + 1. Calculate z(k).
-19
Let r(w) = -29 + 3*w + 1 + 0. Let i(k) = 17*k - 142. Let z(q) = 2*i(q) - 11*r(q). Determine z(-11).
13
Suppose -4*r = 3*r - 14. Let c(l) = -22*l + 2*l**3 - 3*l**3 - 8*l**2 + 33*l + 13 - 2*l**r. Determine c(-11).
13
Let x = -5310 - -5295. Let m(l) = 2*l + 53. Give m(x).
23
Let y(x) be the second derivative of x**4/12 - x**3/6 + 11*x**2/2 - 516*x. Let n be -5 + 2 - (2 + -7). Suppose n*b - 3*b = 0. Calculate y(b).
11
Let g(p) = -145 - 10*p - 8*p**2 + 419 - 143 - 139 - p**3. Determine g(-7).
13
Let g be (6/4)/(-3)*0. Let s(f) = -f**2 + g + 12*f + 1 - 4*f. Suppose z + 4*z - 19 = 21. Determine s(z).
1
Let o(h) = 0 + 4 - 5 + h. Let v be 800/(-960)*6/(-20) + 85/(-20). Calculate o(v).
-5
Let u be -1*4 + (-35 - -33). Let x = u + 2. Let w(h) = h + 3. What is w(x)?
-1
Let j(g) = 3*g. Suppose -18*t + 37 = -138 - 5. Give j(t).
30
Let f(o) = o + 1640. Let c(t) = -3*t - 4592. Let q(l) = -5*c(l) - 14*f(l). Suppose 3*k = 2*j - 0*j + 25, 3*j - k = -27. Calculate q(j).
-8
Let h(r) = -23*r + 17. Let i(u) = -11*u + 9. Let t(c) = 2*h(c) - 5*i(c). Let b be t(3). Suppose 5*l - b = 9. Let s(d) = d**3 - 4*d**2 - d - 6. What is s(l)?
14
Let l = 9623 - 9627. Let u(i) = 51*i + 182. What is u(l)?
-22
Suppose 4*a + 9 = -3. Let o be (-1 - 2)/3*a. Let i(j) = j**3 - j**2 + 17. Let t(n) = -2*n**3 + 2*n**2 + n - 30. Let u(l) = 7*i(l) + 4*t(l). Determine u(o).
-7
Let s = -10 - -6. Let o(w) = -11 + 2 - 4 + 7 - 2*w. Calculate o(s).
2
Let p = 5817 - 5817. Let t(j) = 2*j**2 - j - 24. Calculate t(p).
-24
Let m(l) = -l**2 + 8*l - 9. Let y(q) = -3 + q + 11 + 5 - 2. Let x be y(-4). Suppose -4*b + 6 = z - 1, z = 5*b + x. Calculate m(z).
-2
Let y(b) = 120*b**3 + 14*b - 40 - 16*b**2 + 162*b**3 - 283*b**3. Determine y(-17).
11
Let s(x) be the third derivative of -7*x**4/24 + x**3/2 + 3*x**2. Let l(i) = 2*i**3 - 8*i**2 + 10*i + 4. Let k be l(3). Suppose -16*w = -12*w - k. Give s(w).
-25
Suppose 5*r = 16 + 134. Let a(b) = b + 17 - r + 1. Determine a(-9).
-21
Suppose 5*y = -9*w + 8*w + 117, 286 = 3*w + 2*y. Let v = w - 84. Let c(q) = -q**2 + 9*q - 6. What is c(v)?
2
Let h(i) = -i**3 - 11*i**2 + 14*i + 36. Let q = -3892 - -3880. Determine h(q).
12
Let h(u) = -33*u + 801. Let x(z) = -8*z + 200. Let v(g) = -2*h(g) + 9*x(g). Give v(33).
0
Let c = -70 + 73. Let a(k) = k**2 - 1468 + 1468 + k - 5*k**c. Give a(-1).
5
Let q(o) be the second derivative of -1/12*o**4 + 6*o**2 - 1/6*o**3 + 4*o + 0*o**5 + 0 + 1/24*o**6. Let p(n) be the first derivative of q(n). Determine p(-1).
-4
Let q(g) = -4*g**2 + g + 2. Let u = 28 - 25. Suppose 6 = 2*o + 2*a, 0*o + u = -o + 5*a. Suppose x + 8 = -o*n, 8*x - 3*x - 4*n = 2. What is q(x)?
-16
Let y(k) be the first derivative of 17*k**2/2 + 64*k + 1224. Determine y(-5).
-21
Let x(l) = -5*l**2 - 1. Let q(v) = -11*v**2 + v + 12*v**2 + 2 + 5*v**2 + 0. Let h(b) = -6*q(b) - 7*x(b). Let i = 0 - 4. Determine h(i).
3
Let d be (-43)/(258/(-16))*(-3)/(-2). Let b(i) be the second derivative of -15*i - i**3 + 2*i**2 + 0 + 1/12*i**d. What is b(6)?
4
Let s = -2426 + 2420. Let x(w) = w**3 + 4*w**2 - 4*w - 1. What is x(s)?
-49
Let c(m) = -3*m**2 + 8*m - 18. Suppose -5*v - 5*k + 20 = 0, 4*k + 8 = -3*v + 7*v. Give c(v).
-21
Let n(m) = -2*m**2 - 2*m + 4. Let j = -729 - -726. Let l be (-434)/42 + 10 + 8/j. Calculate n(l).
-8
Let y(l) = 11*l**3 - 71*l**2 - 24*l + 21. Let s(a) = 10*a**3 - 66*a**2 - 22*a + 22. Let h(b) = 12*s(b) - 11*y(b). What is h(-11)?
33
Let k(j) = -7*j**2 + 7*j - 125. Let s(r) = 6*r**2 - 2*r + 122. Let b(t) = -5*k(t) - 6*s(t). Give b(-9).
19
Let y be 13/(1287/(-275)) - 6/27. Let p(v) = 2*v**2 - 1 - 3 - 3*v + 5. Determine p(y).
28
Let z(g) be the second derivative of -g**5/20 + 5*g**4/12 + 7*g**3/6 - 5*g**2/2 - 9*g. Suppose -103*s + 831 = 213. Calculate z(s).
1
Let w(q) be the third derivative of -q**5/60 - q**4/12 + 41*q**3/3 + 729*q**2 + 2*q. What is w(-10)?
2
Let f(x) = x**2 + 5*x + 4. Let b be f(-4). Suppose 30*c - 25*c + 30 = b. Let y(g) = -3*g - 4*g + 0*g - 5 - g**2. What is y(c)?
1
Let x(k) = -51*k - 21. Let l(g) = 25*g + 12. Let w(n) = -5*l(n) - 2*x(n). Let q be w(-1). Let b(a) = a**3 - 4*a**2 - a - 2. Determine b(q).
18
Let p(m) = 2*m**2 + 14*m - 6. Suppose -4 = 3*h - 24*h - 172. Calculate p(h).
10
Let n(j) = -3*j - 1. Let k(z) = 4*z + 44. Suppose 54 = -3*r + 3*v, -28 = 4*r - 5*v + 49. Let t be k(r). Give n(t).
23
Let p(x) = x**3 + 35. Let l be ((-4)/2 - -2)/(-273 + 275). Determine p(l).
35
Suppose 3*t - 12 = -2*n, n = 6*n - 15. Let k(f) = 39*f**t + 6*f + 2 - 74*f**2 + 36*f**2. Suppose 2*c + 4 = -5*w - 21, w - 7 = 2*c. What is k(c)?
-3
Let t(g) = -18*g**3 - 2 - 20*g**2 - 14*g**2 + 29*g**2 + 19*g**3. Let a = 41 - 36. Let n be a - 2 - (-4)/2. Calculate t(n).
-2
Suppose 3*b + 9 = 3*o, -3*o + 5*o = 8. Let p(f) = -3*f - 12. Let z be p(-5). Let u(r) = -r**2 + 6*r - 5*r + 7*r**z + 5*r**3 - r**2. Determine u(b).
11
Let s(v) = -13*v - 9. Let g(w) = 2*w**3 - 13*w**2 - 2*w - 41. Let d be g(7). What is s(d)?
69
Let h(k) = -2*k**2 - 67*k - 129. Let b(f) = 